{"id":54,"date":"2019-07-07T14:49:14","date_gmt":"2019-07-07T14:49:14","guid":{"rendered":"https:\/\/test.trachtenverein-reischach.de\/?page_id=54"},"modified":"2022-04-25T15:18:55","modified_gmt":"2022-04-25T13:18:55","slug":"datenschutz","status":"publish","type":"page","link":"https:\/\/trachtenverein-reischach.de\/?page_id=54","title":{"rendered":"Datenschutz"},"content":{"rendered":"\n<h2 class=\"wp-block-heading\">Download Datenschutzerkl\u00e4rung<\/h2>\n\n\n<div class='w3eden'><!-- WPDM Link Template: Default Template -->\n\n<div class=\"link-template-default card mb-2\">\n    <div class=\"card-body\">\n        <div class=\"media\">\n            <div class=\"mr-3 img-48\"><img decoding=\"async\" class=\"wpdm_icon\" alt=\"Icon\"   src=\"https:\/\/test.trachtenverein-reischach.de\/wp-content\/plugins\/download-manager\/assets\/file-type-icons\/pdf.svg\" \/><\/div>\n            <div class=\"media-body\">\n                <h3 class=\"package-title\"><a href='https:\/\/trachtenverein-reischach.de\/?wpdmpro=datenschutzerklaerung'>Datenschutzerkl\u00e4rung<\/a><\/h3>\n                <div class=\"text-muted text-small\"><i class=\"fas fa-copy\"><\/i> 1 Datei(en) <i class=\"fas fa-hdd ml-3\"><\/i> 169.51 KB<\/div>\n            <\/div>\n            <div class=\"ml-3\">\n                <a class='wpdm-download-link download-on-click btn btn-primary ' rel='nofollow' href='#' data-downloadurl=\"https:\/\/trachtenverein-reischach.de\/?wpdmpro=datenschutzerklaerung&wpdmdl=45&refresh=69f73c48c27e11777810504\">Download<\/a>\n            <\/div>\n        <\/div>\n    <\/div>\n<\/div>\n\n<\/div>\n\n\n\n<h2 class=\"wp-block-heading\">Recht am Bild<\/h2>\n\n\n\n<p>Liebe Besucher unserer Hoamatseitn,<\/p>\n\n\n\n<p>gem\u00e4\u00df &nbsp;\u00a7 22 KunstUrhG d\u00fcrfen  &#8220;<em>Bildnisse nur mit Einwilligung des Abgebildeten verbreitet oder  \u00f6ffentlich zur Schau gestellt werden.&#8221;<\/em><\/p>\n\n\n\n<p>Wir sind stets um die Aktualit\u00e4t unserer Hoamatseitn bem\u00fcht. Dies wird  haupts\u00e4chlich durch Berichte und Fotos von Veranstaltungen und anderen Ereignissen,  die im Zusammenhang mit unserem Verein stehen, erreicht. Daraus ergibt sich  unweigerlich, dass sich Vereinsmitglieder oder in Ausnahmen, auch Au\u00dfenstehende, auf  unseren eingestellten Bildern wiederfinden.<br> Um den Trachtenverein  d\u00b4Reischachtaler Reischach und&nbsp;auch die Mitwirkenden an der Aktualit\u00e4t  unserer Hoamatseitn vor rechtlichen Konsequenzen zu sch\u00fctzen, ist  die&nbsp;Einwilligung&nbsp;der abgebildeten Personen auf unserer Hoamatseitn  erforderlich! Nachdem es f\u00fcr den Verein ein erheblicher Aufwand w\u00e4re,  jedes Vereinsmitglied und jede auf den Fotos abgebildete Person um ein  schriftliches Einverst\u00e4ndnis zu bitten, gehen wir von einem generellen  Einverst\u00e4ndnis unserer Vereinsmitglieder und anderer abgebildeten  Personen&nbsp; aus,&nbsp;auf unserer Hoamatseitn  abgebildet zu werden!&nbsp;<\/p>\n\n\n\n<p>Sollte jemand generell  oder im Nachhinein, nicht mit der Darstellung seines Bildes einverstanden sein, bitten wir um umgehende Nachricht an:<\/p>\n\n\n\n<p class=\"has-text-align-center\">&nbsp;<a href=\"&#109;&#x61;i&#108;&#x74;o&#x3a;&#x69;&#110;&#x66;o&#64;&#x74;r&#97;&#x63;&#104;&#x74;e&#110;&#x76;e&#114;&#x65;&#105;&#x6e;&#x2d;&#114;&#x65;i&#115;&#x63;h&#x61;&#x63;&#104;&#x2e;d&#101;\"> <\/a><strong><a href=\"&#109;&#97;&#x69;&#x6c;&#116;&#111;&#x3a;&#x69;&#110;&#102;&#x6f;&#x40;&#116;&#114;&#x61;&#x63;&#104;&#116;&#x65;&#x6e;&#118;&#101;&#x72;&#x65;&#105;&#110;&#x2d;&#x72;&#101;&#105;&#x73;&#x63;&#104;&#97;&#x63;&#x68;&#46;&#100;&#x65;\">in&#102;&#111;&#x40;&#x74;&#x72;&#x61;ch&#116;&#101;&#x6e;&#x76;&#x65;&#x72;ei&#110;&#45;&#114;&#x65;&#x69;&#x73;&#x63;ha&#99;&#104;&#x2e;&#x64;&#x65;<\/a><\/strong><\/p>\n\n\n\n<p>Die betreffenden Bilder der Person werden sofort und dauerhaft von unserer Hoamatseitn entfernt!<\/p>\n\n\n\n<p><em>Einer Einwilligung f\u00fcr die Ver\u00f6ffentlichung von Bildern bedarf es  nach \u00a7 23\/I Nr. 3 KunstUrhG nicht, wenn es sich um \u201eBilder von  Versammlungen, Aufz\u00fcgen und \u00e4hnlichen Vorg\u00e4ngen, an denen die  dargestellten Personen teilgenommen haben\u201c, handelt! Unter den Begriff&nbsp;  \u201e\u00e4hnliche Vorg\u00e4nge\u201c fallen auch Vereinsveranstaltungen und \u00f6ffentliche  Festlichkeiten!<\/em><\/p>\n","protected":false},"excerpt":{"rendered":"<p>Download Datenschutzerkl\u00e4rung Recht am Bild Liebe Besucher unserer Hoamatseitn, gem\u00e4\u00df &nbsp;\u00a7 22 KunstUrhG d\u00fcrfen &#8220;Bildnisse nur mit Einwilligung des Abgebildeten verbreitet oder \u00f6ffentlich zur Schau gestellt werden.&#8221; Wir sind stets um die Aktualit\u00e4t unserer Hoamatseitn bem\u00fcht. Dies wird haupts\u00e4chlich durch Berichte und Fotos von Veranstaltungen und anderen Ereignissen, die im Zusammenhang mit unserem Verein stehen, &#8230; <a title=\"Datenschutz\" class=\"read-more\" href=\"https:\/\/trachtenverein-reischach.de\/?page_id=54\" aria-label=\"Mehr Informationen \u00fcber Datenschutz\">Weiterlesen<\/a><\/p>\n","protected":false},"author":2,"featured_media":0,"parent":0,"menu_order":0,"comment_status":"closed","ping_status":"closed","template":"","meta":{"pgc_sgb_lightbox_settings":"","footnotes":""},"class_list":["post-54","page","type-page","status-publish"],"_links":{"self":[{"href":"https:\/\/trachtenverein-reischach.de\/index.php?rest_route=\/wp\/v2\/pages\/54","targetHints":{"allow":["GET"]}}],"collection":[{"href":"https:\/\/trachtenverein-reischach.de\/index.php?rest_route=\/wp\/v2\/pages"}],"about":[{"href":"https:\/\/trachtenverein-reischach.de\/index.php?rest_route=\/wp\/v2\/types\/page"}],"author":[{"embeddable":true,"href":"https:\/\/trachtenverein-reischach.de\/index.php?rest_route=\/wp\/v2\/users\/2"}],"replies":[{"embeddable":true,"href":"https:\/\/trachtenverein-reischach.de\/index.php?rest_route=%2Fwp%2Fv2%2Fcomments&post=54"}],"version-history":[{"count":0,"href":"https:\/\/trachtenverein-reischach.de\/index.php?rest_route=\/wp\/v2\/pages\/54\/revisions"}],"wp:attachment":[{"href":"https:\/\/trachtenverein-reischach.de\/index.php?rest_route=%2Fwp%2Fv2%2Fmedia&parent=54"}],"curies":[{"name":"wp","href":"https:\/\/api.w.org\/{rel}","templated":true}]}}

<h2 class="wp-block-heading">Download Datenschutzerklärung</h2>


<div class='w3eden'><!-- WPDM Link Template: Default Template -->

<div class="link-template-default card mb-2">
    <div class="card-body">
        <div class="media">
            <div class="mr-3 img-48"><img decoding="async" class="wpdm_icon" alt="Icon"   src="https://test.trachtenverein-reischach.de/wp-content/plugins/download-manager/assets/file-type-icons/pdf.svg" /></div>
            <div class="media-body">
                <h3 class="package-title"><a href='https://trachtenverein-reischach.de/?wpdmpro=datenschutzerklaerung'>Datenschutzerklärung</a></h3>
                <div class="text-muted text-small"><i class="fas fa-copy"></i> 1 Datei(en) <i class="fas fa-hdd ml-3"></i> 169.51 KB</div>
            </div>
            <div class="ml-3">
                <a class='wpdm-download-link download-on-click btn btn-primary ' rel='nofollow' href='#' data-downloadurl="https://trachtenverein-reischach.de/?wpdmpro=datenschutzerklaerung&wpdmdl=45&refresh=69f73c48c27e11777810504">Download</a>
            </div>
        </div>
    </div>
</div>

</div>



<h2 class="wp-block-heading">Recht am Bild</h2>



<p>Liebe Besucher unserer Hoamatseitn,</p>



<p>gemäß &nbsp;§ 22 KunstUrhG dürfen  &#8220;<em>Bildnisse nur mit Einwilligung des Abgebildeten verbreitet oder  öffentlich zur Schau gestellt werden.&#8221;</em></p>



<p>Wir sind stets um die Aktualität unserer Hoamatseitn bemüht. Dies wird  hauptsächlich durch Berichte und Fotos von Veranstaltungen und anderen Ereignissen,  die im Zusammenhang mit unserem Verein stehen, erreicht. Daraus ergibt sich  unweigerlich, dass sich Vereinsmitglieder oder in Ausnahmen, auch Außenstehende, auf  unseren eingestellten Bildern wiederfinden.<br> Um den Trachtenverein  d´Reischachtaler Reischach und&nbsp;auch die Mitwirkenden an der Aktualität  unserer Hoamatseitn vor rechtlichen Konsequenzen zu schützen, ist  die&nbsp;Einwilligung&nbsp;der abgebildeten Personen auf unserer Hoamatseitn  erforderlich! Nachdem es für den Verein ein erheblicher Aufwand wäre,  jedes Vereinsmitglied und jede auf den Fotos abgebildete Person um ein  schriftliches Einverständnis zu bitten, gehen wir von einem generellen  Einverständnis unserer Vereinsmitglieder und anderer abgebildeten  Personen&nbsp; aus,&nbsp;auf unserer Hoamatseitn  abgebildet zu werden!&nbsp;</p>



<p>Sollte jemand generell  oder im Nachhinein, nicht mit der Darstellung seines Bildes einverstanden sein, bitten wir um umgehende Nachricht an:</p>



<p class="has-text-align-center">&nbsp;<a href="&#109;&#x61;i&#108;&#x74;o&#x3a;&#x69;&#110;&#x66;o&#64;&#x74;r&#97;&#x63;&#104;&#x74;e&#110;&#x76;e&#114;&#x65;&#105;&#x6e;&#x2d;&#114;&#x65;i&#115;&#x63;h&#x61;&#x63;&#104;&#x2e;d&#101;"> </a><strong><a href="&#109;&#97;&#x69;&#x6c;&#116;&#111;&#x3a;&#x69;&#110;&#102;&#x6f;&#x40;&#116;&#114;&#x61;&#x63;&#104;&#116;&#x65;&#x6e;&#118;&#101;&#x72;&#x65;&#105;&#110;&#x2d;&#x72;&#101;&#105;&#x73;&#x63;&#104;&#97;&#x63;&#x68;&#46;&#100;&#x65;">in&#102;&#111;&#x40;&#x74;&#x72;&#x61;ch&#116;&#101;&#x6e;&#x76;&#x65;&#x72;ei&#110;&#45;&#114;&#x65;&#x69;&#x73;&#x63;ha&#99;&#104;&#x2e;&#x64;&#x65;</a></strong></p>



<p>Die betreffenden Bilder der Person werden sofort und dauerhaft von unserer Hoamatseitn entfernt!</p>



<p><em>Einer Einwilligung für die Veröffentlichung von Bildern bedarf es  nach § 23/I Nr. 3 KunstUrhG nicht, wenn es sich um „Bilder von  Versammlungen, Aufzügen und ähnlichen Vorgängen, an denen die  dargestellten Personen teilgenommen haben“, handelt! Unter den Begriff&nbsp;  „ähnliche Vorgänge“ fallen auch Vereinsveranstaltungen und öffentliche  Festlichkeiten!</em></p>

<p>Download Datenschutzerklärung Recht am Bild Liebe Besucher unserer Hoamatseitn, gemäß &nbsp;§ 22 KunstUrhG dürfen &#8220;Bildnisse nur mit Einwilligung des Abgebildeten verbreitet oder öffentlich zur Schau gestellt werden.&#8221; Wir sind stets um die Aktualität unserer Hoamatseitn bemüht. Dies wird hauptsächlich durch Berichte und Fotos von Veranstaltungen und anderen Ereignissen, die im Zusammenhang mit unserem Verein stehen, &#8230; <a title="Datenschutz" class="read-more" href="https://trachtenverein-reischach.de/?page_id=54" aria-label="Mehr Informationen über Datenschutz">Weiterlesen</a></p>
