{"id":121,"date":"2019-07-09T17:09:05","date_gmt":"2019-07-09T17:09:05","guid":{"rendered":"https:\/\/test.trachtenverein-reischach.de\/?page_id=121"},"modified":"2019-07-20T12:18:15","modified_gmt":"2019-07-20T12:18:15","slug":"verein-2","status":"publish","type":"page","link":"https:\/\/trachtenverein-reischach.de\/?page_id=121","title":{"rendered":"Verein"},"content":{"rendered":"\n<h2 class=\"wp-block-heading\"><span style=\"color:#0c5e11\" class=\"tadv-color\">Chronik<\/span><\/h2>\n\n\n\n<div class=\"wp-block-file aligncenter\"><a href=\"https:\/\/test.trachtenverein-reischach.de\/wp-content\/uploads\/2019\/07\/unser-Beitrag-in-der-Gauchronik_2013-1.pdf\" target=\"_blank\" rel=\"noreferrer noopener\">Unseren Beitrag in der Gauchronik des Gauverbandes 1<\/a><a href=\"https:\/\/test.trachtenverein-reischach.de\/wp-content\/uploads\/2019\/07\/unser-Beitrag-in-der-Gauchronik_2013-1.pdf\" class=\"wp-block-file__button\" download>Herunterladen<\/a><\/div>\n\n\n\n<p><em>Unser Trachtenverein wurde am 07. Mai 1949 mit dem Namen \u201cDie lustigen Reischachtaler\u201d gegr\u00fcndet. Erst sp\u00e4ter entwickelte sich daraus unser heutiger Vereinsname \u201cd Reischachtaler\u201d. Einschlie\u00dflich Vorstandschaft und passive Mitglieder z\u00e4hlte man damals 26 Mitglieder, davon sieben aktive Buam und sechs Dirndl. 1950 entstand dann die erste Kindergruppe, die sich allerdings bald wieder aufl\u00f6ste und erst 1964 wieder ins Leben gerufen werden konnte.<\/em><code> <\/code><\/p>\n\n\n\n<p><code><em><strong>1954<\/strong> wurde eine erste Fahne angeschafft, die am 09.\/10. Juli 1955 geweiht wurde. <\/em><\/code><\/p>\n\n\n\n<p><code><em><strong>1959<\/strong> Feier des 10-j\u00e4hrigen Bestehens.<\/em> <\/code><\/p>\n\n\n\n<p><em><strong>1974<\/strong>  Feier des 25-j\u00e4hrigen Gr\u00fcndungsfestes am 29.\/30. Juni<\/em><\/p>\n\n\n\n<p><code><em><strong>1984<\/strong> Feier des 35-j\u00e4hrigen Gr\u00fcndungsfestes mit Fahnenweihe am 29.\/30. Juni und 01. Juli. Am 22.02. erfolgte der Eintrag in das Vereinsregister des Amtsgerichtes Alt\u00f6tting. Im gleichen Jahr, am 26.Oktober, trat eine eigene Satzung in Kraft. <\/em><\/code><\/p>\n\n\n\n<p><code><em><strong>1992<\/strong> Zum neuen 1.Vorsitzenden wurde Franz Wimmer aus Oberm\u00fchle gew\u00e4hlt. Sein Vorg\u00e4nger, Lenz Kleinillenberger, \u00fcbte dieses Amt 33 Jahre aus und wurde zum Ehrenvorstand ernannt.<\/em><\/code><\/p>\n\n\n\n<p><code><strong><em>1999<\/em><\/strong><em> 50-j\u00e4hriges Gr\u00fcndungsfest mit Fahnenweihe der 1955 angeschafften und jetzt restaurierten Fahne.<\/em><\/code><\/p>\n\n\n\n<p><code><em><strong>2000<\/strong> Gr\u00fcndung der Goa\u00dflschnalzergruppe<\/em><\/code><\/p>\n\n\n\n<p><code><em><strong>2002<\/strong> Gr\u00fcndung der Theatergruppe, noch im selben Jahr wird in Reischach wieder ein Theater gespielt.<\/em> <\/code><\/p>\n\n\n\n<p><code><strong><em>2004<\/em><\/strong><em> Jubil\u00e4umsheimatabend anl\u00e4sslich des 55-j\u00e4hrigen Bestehens am 16. Oktober im Vereinslokal \u201cReischacher Hof\u201din  Reischach.<\/em><\/code><\/p>\n\n\n\n<p><strong><em><code>2008 <\/code><\/em><\/strong><em><code>Im September beteiligte sich bei der gr\u00f6\u00dften Trachtenwallfahrt in Alt\u00f6tting<\/code><\/em><\/p>\n\n\n\n<p><code><em><strong>2<\/strong><\/em><\/code><strong><code><em>009<\/em><\/code><\/strong><code><em> Jubil\u00e4umsjahr anl\u00e4sslich des 60-ig j\u00e4hrigen Bestehen\u00b4s unseres Vereins. H\u00f6hepunkte: Brauchtumshoagart, Erstes Mariasingen am 1. Mai, Gebietspreisplattln, Tag der offenen T\u00fcr im Vereinsheim mit dem Motto: \"Der Verein stellt sich vor\", Jubil\u00e4umsheimatabend im Heuboden Arbing, Bayrische Meisterschaft im Einzel-Goa\u00dflschnalzen, Krieppenspiel \"Wia s Christkindl auf d`Welt kemma is\"auf dem Zoglerberg aufgef\u00fchrt von der Trachtenjugend vor 500 Besuchern.<\/em><\/code><\/p>\n\n\n\n<p><em><code><strong>2012<\/strong> Erstmals, seit langem wurde beim Heimatabend das Reischachlied wieder gesungen von Reserl Bremen und Hubert Kleinillenberger. Das Lied wurde 1925 von Wilhelm Knieriemen als Gru\u00df ans Reischachtal geschrieben.<\/code><\/em><\/p>\n\n\n\n<p><em><code><strong>2013<\/strong> \u00dcbernahme der Patenschaft beim BRK-Reischach<\/code><\/em><\/p>\n\n\n\n<p><code><em><strong>2014<\/strong> 65-ig j\u00e4hriges Vereinsjubil\u00e4um. Im Oktober fand ein gro\u00dfer Jubil\u00e4ums Festabend im Reischacher Hof statt.<\/em><\/code><\/p>\n\n\n\n<p><em><code>2016 Neuwahlen: 1. Vorstand wird Thomas Werkstetter f\u00fcr FranzWimmer (24 Jahre 1. Vorstand), 2. Vorstand Lorenz Kellhuber f\u00fcr Max Baumer (24 Jahre 2. Vorstand). Beteiligung der Reischacher Trachtler bei der \"Gr\u00fcnen Woche\" in Berlin. Schlie\u00dfung Vereinsheim an der Aushofenerstrasse.<br>Im Oktober wurde Franz Wimmer zum Ehrenvorstand und Max Baumer zum Ehrenmitglied beim Heimatabend ernannt.<\/code><\/em><\/p>\n\n\n\n<p><em><code><strong>2017<\/strong> Am 10. September wurde das neue Vereinsheim in den R\u00e4umen der neuen Schule an der Aushofenerstrasse eingeweiht. Die Gemeinde Reischach stellte diese R\u00e4umlichkeiten zur Verf\u00fcgung. F\u00fcr die Um-und Ausbaumassnahmen wurden 520 Stunden unentgeltliche Arbeit geleistet.<\/code><\/em><\/p>\n\n\n\n<p><\/p>\n\n\n\n<p><\/p>\n","protected":false},"excerpt":{"rendered":"<p>Chronik Unser Trachtenverein wurde am 07. Mai 1949 mit dem Namen \u201cDie lustigen Reischachtaler\u201d gegr\u00fcndet. Erst sp\u00e4ter entwickelte sich daraus unser heutiger Vereinsname \u201cd Reischachtaler\u201d. Einschlie\u00dflich Vorstandschaft und passive Mitglieder z\u00e4hlte man damals 26 Mitglieder, davon sieben aktive Buam und sechs Dirndl. 1950 entstand dann die erste Kindergruppe, die sich allerdings bald wieder aufl\u00f6ste und &#8230; <a title=\"Verein\" class=\"read-more\" href=\"https:\/\/trachtenverein-reischach.de\/?page_id=121\" aria-label=\"Mehr Informationen \u00fcber Verein\">Weiterlesen<\/a><\/p>\n","protected":false},"author":1,"featured_media":0,"parent":0,"menu_order":0,"comment_status":"closed","ping_status":"closed","template":"","meta":{"pgc_sgb_lightbox_settings":"","footnotes":""},"class_list":["post-121","page","type-page","status-publish"],"_links":{"self":[{"href":"https:\/\/trachtenverein-reischach.de\/index.php?rest_route=\/wp\/v2\/pages\/121","targetHints":{"allow":["GET"]}}],"collection":[{"href":"https:\/\/trachtenverein-reischach.de\/index.php?rest_route=\/wp\/v2\/pages"}],"about":[{"href":"https:\/\/trachtenverein-reischach.de\/index.php?rest_route=\/wp\/v2\/types\/page"}],"author":[{"embeddable":true,"href":"https:\/\/trachtenverein-reischach.de\/index.php?rest_route=\/wp\/v2\/users\/1"}],"replies":[{"embeddable":true,"href":"https:\/\/trachtenverein-reischach.de\/index.php?rest_route=%2Fwp%2Fv2%2Fcomments&post=121"}],"version-history":[{"count":0,"href":"https:\/\/trachtenverein-reischach.de\/index.php?rest_route=\/wp\/v2\/pages\/121\/revisions"}],"wp:attachment":[{"href":"https:\/\/trachtenverein-reischach.de\/index.php?rest_route=%2Fwp%2Fv2%2Fmedia&parent=121"}],"curies":[{"name":"wp","href":"https:\/\/api.w.org\/{rel}","templated":true}]}}

<h2 class="wp-block-heading"><span style="color:#0c5e11" class="tadv-color">Chronik</span></h2>



<div class="wp-block-file aligncenter"><a href="https://test.trachtenverein-reischach.de/wp-content/uploads/2019/07/unser-Beitrag-in-der-Gauchronik_2013-1.pdf" target="_blank" rel="noreferrer noopener">Unseren Beitrag in der Gauchronik des Gauverbandes 1</a><a href="https://test.trachtenverein-reischach.de/wp-content/uploads/2019/07/unser-Beitrag-in-der-Gauchronik_2013-1.pdf" class="wp-block-file__button" download>Herunterladen</a></div>



<p><em>Unser Trachtenverein wurde am 07. Mai 1949 mit dem Namen “Die lustigen Reischachtaler” gegründet. Erst später entwickelte sich daraus unser heutiger Vereinsname “d Reischachtaler”. Einschließlich Vorstandschaft und passive Mitglieder zählte man damals 26 Mitglieder, davon sieben aktive Buam und sechs Dirndl. 1950 entstand dann die erste Kindergruppe, die sich allerdings bald wieder auflöste und erst 1964 wieder ins Leben gerufen werden konnte.</em><code> </code></p>



<p><code><em><strong>1954</strong> wurde eine erste Fahne angeschafft, die am 09./10. Juli 1955 geweiht wurde. </em></code></p>



<p><code><em><strong>1959</strong> Feier des 10-jährigen Bestehens.</em> </code></p>



<p><em><strong>1974</strong>  Feier des 25-jährigen Gründungsfestes am 29./30. Juni</em></p>



<p><code><em><strong>1984</strong> Feier des 35-jährigen Gründungsfestes mit Fahnenweihe am 29./30. Juni und 01. Juli. Am 22.02. erfolgte der Eintrag in das Vereinsregister des Amtsgerichtes Altötting. Im gleichen Jahr, am 26.Oktober, trat eine eigene Satzung in Kraft. </em></code></p>



<p><code><em><strong>1992</strong> Zum neuen 1.Vorsitzenden wurde Franz Wimmer aus Obermühle gewählt. Sein Vorgänger, Lenz Kleinillenberger, übte dieses Amt 33 Jahre aus und wurde zum Ehrenvorstand ernannt.</em></code></p>



<p><code><strong><em>1999</em></strong><em> 50-jähriges Gründungsfest mit Fahnenweihe der 1955 angeschafften und jetzt restaurierten Fahne.</em></code></p>



<p><code><em><strong>2000</strong> Gründung der Goaßlschnalzergruppe</em></code></p>



<p><code><em><strong>2002</strong> Gründung der Theatergruppe, noch im selben Jahr wird in Reischach wieder ein Theater gespielt.</em> </code></p>



<p><code><strong><em>2004</em></strong><em> Jubiläumsheimatabend anlässlich des 55-jährigen Bestehens am 16. Oktober im Vereinslokal “Reischacher Hof”in  Reischach.</em></code></p>



<p><strong><em><code>2008 </code></em></strong><em><code>Im September beteiligte sich bei der größten Trachtenwallfahrt in Altötting</code></em></p>



<p><code><em><strong>2</strong></em></code><strong><code><em>009</em></code></strong><code><em> Jubiläumsjahr anlässlich des 60-ig jährigen Bestehen´s unseres Vereins. Höhepunkte: Brauchtumshoagart, Erstes Mariasingen am 1. Mai, Gebietspreisplattln, Tag der offenen Tür im Vereinsheim mit dem Motto: "Der Verein stellt sich vor", Jubiläumsheimatabend im Heuboden Arbing, Bayrische Meisterschaft im Einzel-Goaßlschnalzen, Krieppenspiel "Wia s Christkindl auf d`Welt kemma is"auf dem Zoglerberg aufgeführt von der Trachtenjugend vor 500 Besuchern.</em></code></p>



<p><em><code><strong>2012</strong> Erstmals, seit langem wurde beim Heimatabend das Reischachlied wieder gesungen von Reserl Bremen und Hubert Kleinillenberger. Das Lied wurde 1925 von Wilhelm Knieriemen als Gruß ans Reischachtal geschrieben.</code></em></p>



<p><em><code><strong>2013</strong> Übernahme der Patenschaft beim BRK-Reischach</code></em></p>



<p><code><em><strong>2014</strong> 65-ig jähriges Vereinsjubiläum. Im Oktober fand ein großer Jubiläums Festabend im Reischacher Hof statt.</em></code></p>



<p><em><code>2016 Neuwahlen: 1. Vorstand wird Thomas Werkstetter für FranzWimmer (24 Jahre 1. Vorstand), 2. Vorstand Lorenz Kellhuber für Max Baumer (24 Jahre 2. Vorstand). Beteiligung der Reischacher Trachtler bei der "Grünen Woche" in Berlin. Schließung Vereinsheim an der Aushofenerstrasse.<br>Im Oktober wurde Franz Wimmer zum Ehrenvorstand und Max Baumer zum Ehrenmitglied beim Heimatabend ernannt.</code></em></p>



<p><em><code><strong>2017</strong> Am 10. September wurde das neue Vereinsheim in den Räumen der neuen Schule an der Aushofenerstrasse eingeweiht. Die Gemeinde Reischach stellte diese Räumlichkeiten zur Verfügung. Für die Um-und Ausbaumassnahmen wurden 520 Stunden unentgeltliche Arbeit geleistet.</code></em></p>



<p></p>



<p></p>

<p>Chronik Unser Trachtenverein wurde am 07. Mai 1949 mit dem Namen “Die lustigen Reischachtaler” gegründet. Erst später entwickelte sich daraus unser heutiger Vereinsname “d Reischachtaler”. Einschließlich Vorstandschaft und passive Mitglieder zählte man damals 26 Mitglieder, davon sieben aktive Buam und sechs Dirndl. 1950 entstand dann die erste Kindergruppe, die sich allerdings bald wieder auflöste und &#8230; <a title="Verein" class="read-more" href="https://trachtenverein-reischach.de/?page_id=121" aria-label="Mehr Informationen über Verein">Weiterlesen</a></p>
